{"id":5286,"date":"2020-10-03T08:50:05","date_gmt":"2020-10-03T08:50:05","guid":{"rendered":"https:\/\/www.sakraplatser.abe.kth.se\/?page_id=5286"},"modified":"2020-10-12T12:55:58","modified_gmt":"2020-10-12T12:55:58","slug":"sakraplatser-prize-2020","status":"publish","type":"page","link":"https:\/\/wpmu-bis.sys.kth.se\/safeplaces\/sakraplatser-prize-2020\/","title":{"rendered":"S\u00e4kraplatser Prize 2020"},"content":{"rendered":"<p style=\"text-align: justify\">Vinnaren av 2020 \u00e5rs S\u00e4kraplatsers pris \u00e4r:<\/p>\n<p style=\"text-align: justify\"><strong>Miljonprogrammets inflytande p\u00e5 kvinnans upplevda trygghet i staden: En kvalitativ fallstudie p\u00e5 miljonprogramsomr\u00e5det S\u00e4tra, G\u00e4vle.<\/strong><\/p>\n<p style=\"text-align: justify\">Av Linn Johansson, Samh\u00e4llsplanerarprogrammet, H\u00f6gskolan i G\u00e4vle<\/p>\n<p style=\"text-align: justify\">Motivering till priset<\/p>\n<p style=\"text-align: justify\">&#8220;<em>Med utg\u00e5ngspunkt i en bred teoretisk ansats och genom en m\u00e5ngsidig och strukturerad analys unders\u00f6ker Linn Johansson hur offentliga milj\u00f6er i bostadsomr\u00e5den kan utformas f\u00f6r att f\u00f6rb\u00e4ttra den upplevda tryggheten hos kvinnor. Uppsatsen bidrar till hur omr\u00e5den b\u00f6r upprustas f\u00f6r att m\u00f6ta dagens krav p\u00e5 trygghet, vilket g\u00f6r Linn Johansson till en v\u00e4rdig vinnare av S\u00e4kraplatsers pris till minne av Ida Johansson<\/em>&#8220;<\/p>\n<p>&nbsp;<\/p>\n<p style=\"text-align: justify\"><strong><img loading=\"lazy\" decoding=\"async\" class=\"wp-image-5339 alignleft\" src=\"\/wp-content\/uploads\/sites\/13\/2020\/10\/image0-e1602507044340-300x275.jpeg\" alt=\"\" width=\"199\" height=\"182\" srcset=\"\/wp-content\/uploads\/sites\/13\/2020\/10\/image0-e1602507044340-300x275.jpeg 300w, \/wp-content\/uploads\/sites\/13\/2020\/10\/image0-e1602507044340-768x704.jpeg 768w, \/wp-content\/uploads\/sites\/13\/2020\/10\/image0-e1602507044340.jpeg 897w\" sizes=\"auto, (max-width: 199px) 100vw, 199px\" \/>\u00a0<\/strong><\/p>\n<p>&nbsp;<\/p>\n<p style=\"text-align: justify\"><strong>Linn Johansson,<\/strong>\u00a0Samh\u00e4llsplanerarprogrammet, H\u00f6gskolan i G\u00e4vle<\/p>\n<p>&nbsp;<\/p>\n<p>&nbsp;<\/p>\n<p style=\"text-align: justify\"><strong>Prize Ceremony<\/strong> \u2013\u00a0<a href=\"https:\/\/play.kth.se\/media\/Session+4\/0_j3f501wy\">Video\u00a0<\/a><\/p>\n<p style=\"text-align: justify\"><strong>Prize Winner 2020<\/strong>\u00a0\u2013\u00a0<a href=\"https:\/\/wp.me\/p840TR-1o6\">Interview<\/a><\/p>\n<p style=\"text-align: justify\">Tre andra studier tilldelas hedersomn\u00e4mnande.<\/p>\n<ul style=\"text-align: justify\">\n<li>Alicia Carlsson &amp; Karin Hammarqvist &#8211;\u00a0<a href=\"https:\/\/kth.us15.list-manage.com\/track\/click?u=9a8b294cb6aa3caf7434ee8af&amp;id=46934f7593&amp;e=772e92cdab\"><strong>Vilka faktorer g\u00f6r att en offentlig plats uppfattas som trygg, tillg\u00e4nglig och attraktiv?<\/strong><\/a><\/li>\n<li>Linda H\u00f6gbacka &amp; Johanna Sandelowsky &#8211;\u00a0<a href=\"https:\/\/kth.us15.list-manage.com\/track\/click?u=9a8b294cb6aa3caf7434ee8af&amp;id=049ff16cda&amp;e=772e92cdab\"><strong>Trygghet fr\u00e5n dag ett\u201d &#8211; Proaktivt agerande i stadsplaneringen<\/strong><\/a><\/li>\n<li>Charlie Karlsson &amp; Anna Pelin &#8211;\u00a0<a href=\"https:\/\/kth.us15.list-manage.com\/track\/click?u=9a8b294cb6aa3caf7434ee8af&amp;id=0b2aec993f&amp;e=772e92cdab\"><strong>Basket, b\u00f6cker och brott: Ett socialt projekts p\u00e5verkan p\u00e5 brottsligheten<\/strong><\/a><\/li>\n<\/ul>\n<p style=\"text-align: justify\">Prisjuryn har bed\u00f6mt studierna utifr\u00e5n fem kriterier (Inneh\u00e5ll, vetenskaplig kvalitet, anv\u00e4ndbarhet, samh\u00e4llsrelevans och anv\u00e4ndarperspektiv) och valt ut studierna som b\u00e4st uppfyller dessa kriterier.<\/p>\n<p style=\"text-align: justify\">Tack alla studenter som skickat in sina bidrag!<\/p>\n<p style=\"text-align: justify\">Prof Vania Ceccato<\/p>\n<p style=\"text-align: justify\">Samordnare av S\u00e4kraplaster n\u00e4tverket<\/p>\n<p style=\"text-align: justify\">29:e september 2020<\/p>\n<p>&nbsp;<\/p>\n","protected":false},"excerpt":{"rendered":"<p>Vinnaren [&#8230;]<\/p>\n","protected":false},"author":201,"featured_media":0,"parent":0,"menu_order":0,"comment_status":"closed","ping_status":"closed","template":"","meta":{"_bbp_topic_count":0,"_bbp_reply_count":0,"_bbp_total_topic_count":0,"_bbp_total_reply_count":0,"_bbp_voice_count":0,"_bbp_anonymous_reply_count":0,"_bbp_topic_count_hidden":0,"_bbp_reply_count_hidden":0,"_bbp_forum_subforum_count":0,"episode_type":"","audio_file":"","podmotor_file_id":"","podmotor_episode_id":"","cover_image":"","cover_image_id":"","duration":"","filesize":"","filesize_raw":"","date_recorded":"","explicit":"","block":"","itunes_episode_number":"","itunes_title":"","itunes_season_number":"","itunes_episode_type":"","jetpack_post_was_ever_published":false,"footnotes":"","_links_to":"","_links_to_target":""},"class_list":["post-5286","page","type-page","status-publish","hentry"],"jetpack_sharing_enabled":true,"jetpack_shortlink":"https:\/\/wp.me\/P840TR-1ng","post_mailing_queue_ids":[],"_links":{"self":[{"href":"https:\/\/wpmu-bis.sys.kth.se\/safeplaces\/wp-json\/wp\/v2\/pages\/5286","targetHints":{"allow":["GET"]}}],"collection":[{"href":"https:\/\/wpmu-bis.sys.kth.se\/safeplaces\/wp-json\/wp\/v2\/pages"}],"about":[{"href":"https:\/\/wpmu-bis.sys.kth.se\/safeplaces\/wp-json\/wp\/v2\/types\/page"}],"author":[{"embeddable":true,"href":"https:\/\/wpmu-bis.sys.kth.se\/safeplaces\/wp-json\/wp\/v2\/users\/201"}],"replies":[{"embeddable":true,"href":"https:\/\/wpmu-bis.sys.kth.se\/safeplaces\/wp-json\/wp\/v2\/comments?post=5286"}],"version-history":[{"count":5,"href":"https:\/\/wpmu-bis.sys.kth.se\/safeplaces\/wp-json\/wp\/v2\/pages\/5286\/revisions"}],"predecessor-version":[{"id":5359,"href":"https:\/\/wpmu-bis.sys.kth.se\/safeplaces\/wp-json\/wp\/v2\/pages\/5286\/revisions\/5359"}],"wp:attachment":[{"href":"https:\/\/wpmu-bis.sys.kth.se\/safeplaces\/wp-json\/wp\/v2\/media?parent=5286"}],"curies":[{"name":"wp","href":"https:\/\/api.w.org\/{rel}","templated":true}]}}