{"id":4446,"date":"2020-05-20T21:01:40","date_gmt":"2020-05-20T21:01:40","guid":{"rendered":"https:\/\/www.sakraplatser.abe.kth.se\/?page_id=4446"},"modified":"2020-05-22T08:30:20","modified_gmt":"2020-05-22T08:30:20","slug":"week-8-2","status":"publish","type":"page","link":"https:\/\/wpmu-bis.sys.kth.se\/safeplaces\/week-8-2\/","title":{"rendered":"Week 8"},"content":{"rendered":"<p style=\"text-align: justify\"><img loading=\"lazy\" decoding=\"async\" class=\"aligncenter wp-image-3739 \" style=\"font-weight: bold;text-align: center;font-size: 0.95em\" src=\"\/wp-content\/uploads\/sites\/13\/2020\/04\/ICON_BIG-300x232.jpg\" alt=\"\" width=\"173\" height=\"134\" srcset=\"\/wp-content\/uploads\/sites\/13\/2020\/04\/ICON_BIG-300x232.jpg 300w, \/wp-content\/uploads\/sites\/13\/2020\/04\/ICON_BIG-1024x792.jpg 1024w, \/wp-content\/uploads\/sites\/13\/2020\/04\/ICON_BIG-768x594.jpg 768w, \/wp-content\/uploads\/sites\/13\/2020\/04\/ICON_BIG.jpg 1123w\" sizes=\"auto, (max-width: 173px) 100vw, 173px\" \/><\/p>\n<h3 style=\"text-align: center\"><strong>S\u00e4kraplatser-Podcasts<\/strong><\/h3>\n<p>&nbsp;<\/p>\n<p style=\"text-align: center\"><strong>Changes in routine activity and security: What have we learned?<\/strong><\/p>\n<p style=\"text-align: center\"><strong>Podcasts \u2013 Week 8<\/strong><\/p>\n<p style=\"text-align: justify\"><strong>\u00a0<\/strong><\/p>\n<p style=\"text-align: justify\">In this last week of podcasts, we cover the experiences from three experts: Dr. Subeh Chowdhury, who is senior lecturer at Department of Civil and Environmental Engineering, the University of Auckland in New Zealand followed by Mateja Mihinjac who is a criminologist and crime prevention expert from Slovenia who is currently completing doctoral researcher at Griffith University, Australia. Finally, but not least, \u00c5sa Lenner\u00f6 who is a sociologist responsible for the crime statistics at BR\u00c5, the Swedish National Crime Prevention Council.<\/p>\n<p style=\"text-align: justify\">Eight weeks of lockdown, 21 podcasts in six continents. These podcasts are about what we as researchers or practitioners are learning about this unprecedented moment. These conversations were driven by my curiosity to know what was happening in the world in times of lockdown, in the streets, and in the domestic environments. Whether and how mobility, crime, and safety were redefined by the pandemic.<\/p>\n<p style=\"text-align: justify\">These conversations turned out to be highly therapeutic and took me far beyond I initially expected. Thanks for all speakers and for you who followed us over these weeks, thanks for the company, and stay safe!<\/p>\n<p style=\"text-align: justify\">Vania Ceccato<\/p>\n<p><span style=\"color: #808080\">Safeplaces Network<\/span><\/p>\n<hr \/>\n<h4 style=\"text-align: center\"><a href=\"https:\/\/www.sakraplatser.abe.kth.se\/en\/podcasts-3\/\"><strong>Other Podcasts<\/strong><\/a><\/h4>\n<p>&nbsp;<\/p>\n<p style=\"text-align: justify\"><strong>PODCAST 19<\/strong><\/p>\n<p style=\"text-align: justify\"><img loading=\"lazy\" decoding=\"async\" class=\"wp-image-4440 size-full alignleft\" src=\"\/wp-content\/uploads\/sites\/13\/2020\/05\/Subeh_Ch.jpg\" alt=\"\" width=\"187\" height=\"213\" \/><\/p>\n<p>&nbsp;<\/p>\n<p style=\"text-align: justify\"><strong>Dr. Subeh Chowdhury<\/strong> talks about her experience of the lockdown in New Zealand and how the pandemic has created \u201ca window of opportunity\u201d to make public transportation safer and more attractive. She also mentioned how important is to hire \u201cthe right\u201d people for the job, for instance, to make public transportation more inclusive and safe for all.<\/p>\n<p><a href=\"https:\/\/static.sys.kth.se\/abe\/safeplaces\/poddar\/Subeh_30min.mp3\"><img loading=\"lazy\" decoding=\"async\" class=\"wp-image-3813 alignleft\" src=\"\/wp-content\/uploads\/sites\/13\/2020\/04\/speaker-icon-png-6-300x300.jpg\" alt=\"\" width=\"52\" height=\"52\" srcset=\"\/wp-content\/uploads\/sites\/13\/2020\/04\/speaker-icon-png-6-300x300.jpg 300w, \/wp-content\/uploads\/sites\/13\/2020\/04\/speaker-icon-png-6-150x150.jpg 150w, \/wp-content\/uploads\/sites\/13\/2020\/04\/speaker-icon-png-6-768x768.jpg 768w, \/wp-content\/uploads\/sites\/13\/2020\/04\/speaker-icon-png-6-90x90.jpg 90w, \/wp-content\/uploads\/sites\/13\/2020\/04\/speaker-icon-png-6-75x75.jpg 75w, \/wp-content\/uploads\/sites\/13\/2020\/04\/speaker-icon-png-6-50x50.jpg 50w, \/wp-content\/uploads\/sites\/13\/2020\/04\/speaker-icon-png-6.jpg 1024w\" sizes=\"auto, (max-width: 52px) 100vw, 52px\" \/><\/a><\/p>\n<p>&nbsp;<\/p>\n<p><a href=\"https:\/\/static.sys.kth.se\/abe\/safeplaces\/poddar\/Subeh_30min.mp3\"><strong>PODCAST<\/strong><\/a><\/p>\n<p>&nbsp;<\/p>\n<p>&nbsp;<\/p>\n<p><span style=\"color: #808080\">s.chowdhury@auckland.ac.nz<\/span><\/p>\n<p>&nbsp;<\/p>\n<hr \/>\n<p style=\"text-align: justify\"><strong>PODCAST 20<\/strong><\/p>\n<p style=\"text-align: justify\"><img loading=\"lazy\" decoding=\"async\" class=\"wp-image-4439 size-full alignleft\" src=\"\/wp-content\/uploads\/sites\/13\/2020\/05\/Mateja-Mihinjac-4.jpg\" alt=\"\" width=\"187\" height=\"248\" \/><\/p>\n<p>&nbsp;<\/p>\n<p style=\"text-align: justify\">Back in Ljubljana, <strong>Mateja Mihinjac<\/strong> describes the huge changes in routine activity in the capital of Slovenia and she was surprised that changes in patterns of crime were relatively minor compared to what has been elsewhere. For research, she believes that the nature of fear in public spaces (with lockdown and currently social distancing) deserves to be better understood in post-corona times.<\/p>\n<p><a href=\"https:\/\/static.sys.kth.se\/abe\/safeplaces\/poddar\/Mateja_25min.mp3\"><img loading=\"lazy\" decoding=\"async\" class=\"wp-image-3813 alignleft\" src=\"\/wp-content\/uploads\/sites\/13\/2020\/04\/speaker-icon-png-6-300x300.jpg\" alt=\"\" width=\"52\" height=\"52\" srcset=\"\/wp-content\/uploads\/sites\/13\/2020\/04\/speaker-icon-png-6-300x300.jpg 300w, \/wp-content\/uploads\/sites\/13\/2020\/04\/speaker-icon-png-6-150x150.jpg 150w, \/wp-content\/uploads\/sites\/13\/2020\/04\/speaker-icon-png-6-768x768.jpg 768w, \/wp-content\/uploads\/sites\/13\/2020\/04\/speaker-icon-png-6-90x90.jpg 90w, \/wp-content\/uploads\/sites\/13\/2020\/04\/speaker-icon-png-6-75x75.jpg 75w, \/wp-content\/uploads\/sites\/13\/2020\/04\/speaker-icon-png-6-50x50.jpg 50w, \/wp-content\/uploads\/sites\/13\/2020\/04\/speaker-icon-png-6.jpg 1024w\" sizes=\"auto, (max-width: 52px) 100vw, 52px\" \/><\/a><\/p>\n<p>&nbsp;<\/p>\n<p><strong><a href=\"https:\/\/static.sys.kth.se\/abe\/safeplaces\/poddar\/Mateja_25min.mp3\">PODCAST<\/a><\/strong><\/p>\n<p>&nbsp;<\/p>\n<p><span style=\"color: #808080\">mateja.mihinjac@gmail.com<\/span><\/p>\n<p>&nbsp;<\/p>\n<hr \/>\n<p>&nbsp;<\/p>\n<p style=\"text-align: justify\"><strong>PODCAST 21<\/strong><\/p>\n<p style=\"text-align: justify\"><img loading=\"lazy\" decoding=\"async\" class=\"wp-image-4438 size-full alignleft\" src=\"\/wp-content\/uploads\/sites\/13\/2020\/05\/\u03a0sa_Lenner\u03a6_2_Foto_Liselotte_van_der_Meijs.jpg\" alt=\"\" width=\"187\" height=\"233\" \/><\/p>\n<p>&nbsp;<\/p>\n<p style=\"text-align: justify\">BR\u00c5 has followed trends in crime statistics over the past 2 months and compared to the same period last year. This is summarized in a newly BR\u00c5 report written by <strong>\u00c5sa Lenner\u00f6<\/strong>, among others. In this final podcast, \u00c5sa describes the purpose of crime statistics, including limitations and why we need to observe trends over long periods of time.<\/p>\n<p><a href=\"https:\/\/static.sys.kth.se\/abe\/safeplaces\/poddar\/%C3%85saLenner%C3%B6_19min.mp3\"><img loading=\"lazy\" decoding=\"async\" class=\"wp-image-3813 alignleft\" src=\"\/wp-content\/uploads\/sites\/13\/2020\/04\/speaker-icon-png-6-300x300.jpg\" alt=\"\" width=\"52\" height=\"52\" srcset=\"\/wp-content\/uploads\/sites\/13\/2020\/04\/speaker-icon-png-6-300x300.jpg 300w, \/wp-content\/uploads\/sites\/13\/2020\/04\/speaker-icon-png-6-150x150.jpg 150w, \/wp-content\/uploads\/sites\/13\/2020\/04\/speaker-icon-png-6-768x768.jpg 768w, \/wp-content\/uploads\/sites\/13\/2020\/04\/speaker-icon-png-6-90x90.jpg 90w, \/wp-content\/uploads\/sites\/13\/2020\/04\/speaker-icon-png-6-75x75.jpg 75w, \/wp-content\/uploads\/sites\/13\/2020\/04\/speaker-icon-png-6-50x50.jpg 50w, \/wp-content\/uploads\/sites\/13\/2020\/04\/speaker-icon-png-6.jpg 1024w\" sizes=\"auto, (max-width: 52px) 100vw, 52px\" \/><\/a><\/p>\n<p>&nbsp;<\/p>\n<p><a href=\"https:\/\/static.sys.kth.se\/abe\/safeplaces\/poddar\/\u00c5saLenner\u00f6_19min.mp3\"><strong>PODCAST<\/strong><\/a><\/p>\n<p>&nbsp;<\/p>\n<p class=\"xxmsonormal\"><span lang=\"SV\" style=\"color: #808080\">asa.lennero@bra.se<\/span><\/p>\n<p>&nbsp;<\/p>\n<p>&nbsp;<\/p>\n","protected":false},"excerpt":{"rendered":"<p>S\u00e4kraplatser-Podcasts [&#8230;]<\/p>\n","protected":false},"author":201,"featured_media":0,"parent":0,"menu_order":0,"comment_status":"closed","ping_status":"closed","template":"","meta":{"_bbp_topic_count":0,"_bbp_reply_count":0,"_bbp_total_topic_count":0,"_bbp_total_reply_count":0,"_bbp_voice_count":0,"_bbp_anonymous_reply_count":0,"_bbp_topic_count_hidden":0,"_bbp_reply_count_hidden":0,"_bbp_forum_subforum_count":0,"episode_type":"","audio_file":"","podmotor_file_id":"","podmotor_episode_id":"","cover_image":"","cover_image_id":"","duration":"","filesize":"","filesize_raw":"","date_recorded":"","explicit":"","block":"","itunes_episode_number":"","itunes_title":"","itunes_season_number":"","itunes_episode_type":"","jetpack_post_was_ever_published":false,"footnotes":"","_links_to":"","_links_to_target":""},"class_list":["post-4446","page","type-page","status-publish","hentry"],"jetpack_sharing_enabled":true,"jetpack_shortlink":"https:\/\/wp.me\/P840TR-19I","post_mailing_queue_ids":[],"_links":{"self":[{"href":"https:\/\/wpmu-bis.sys.kth.se\/safeplaces\/wp-json\/wp\/v2\/pages\/4446","targetHints":{"allow":["GET"]}}],"collection":[{"href":"https:\/\/wpmu-bis.sys.kth.se\/safeplaces\/wp-json\/wp\/v2\/pages"}],"about":[{"href":"https:\/\/wpmu-bis.sys.kth.se\/safeplaces\/wp-json\/wp\/v2\/types\/page"}],"author":[{"embeddable":true,"href":"https:\/\/wpmu-bis.sys.kth.se\/safeplaces\/wp-json\/wp\/v2\/users\/201"}],"replies":[{"embeddable":true,"href":"https:\/\/wpmu-bis.sys.kth.se\/safeplaces\/wp-json\/wp\/v2\/comments?post=4446"}],"version-history":[{"count":3,"href":"https:\/\/wpmu-bis.sys.kth.se\/safeplaces\/wp-json\/wp\/v2\/pages\/4446\/revisions"}],"predecessor-version":[{"id":4473,"href":"https:\/\/wpmu-bis.sys.kth.se\/safeplaces\/wp-json\/wp\/v2\/pages\/4446\/revisions\/4473"}],"wp:attachment":[{"href":"https:\/\/wpmu-bis.sys.kth.se\/safeplaces\/wp-json\/wp\/v2\/media?parent=4446"}],"curies":[{"name":"wp","href":"https:\/\/api.w.org\/{rel}","templated":true}]}}