{"id":414,"date":"2016-12-05T14:04:52","date_gmt":"2016-12-05T14:04:52","guid":{"rendered":"https:\/\/wpmu-bis.sys.kth.se\/safeplaces\/?page_id=414"},"modified":"2016-12-08T11:06:09","modified_gmt":"2016-12-08T11:06:09","slug":"brott-i-stad-land-idag","status":"publish","type":"page","link":"https:\/\/wpmu-bis.sys.kth.se\/safeplaces\/brott-i-stad-land-idag\/","title":{"rendered":"Brott i stad &amp; land idag"},"content":{"rendered":"<p>B\u00e5de urbana milj\u00f6er och glesbygd \u00e4r i st\u00e4ndig f\u00f6rvandling och brott speglar denna dynamik i tid och rum. V\u00e4rlden har blivit mer sammankopplade med anv\u00e4ndning av mobiltelefoner, sociala medier och ett brett utbud av informations- och kommunikationsteknik vilket p\u00e5st\u00e5s leda till att risken f\u00f6r att bli ett brottsoffer \u00f6kar, och \u00e4nnu viktigare, \u00f6kar oavsett var du befinner dig fysiskt. Detta kan f\u00f6rklara varf\u00f6r m\u00e4nniskor som bor i Pajala i norra Sverige kan l\u00f6pa samma risk att bli offer f\u00f6r bedr\u00e4gerier p\u00e5 internet som m\u00e4nniskor som lever p\u00e5 Manhattan, New York. Av samma sk\u00e4l, kan anv\u00e4ndningen av mobila enheter (t. ex. Apps, kameror) f\u00f6r att rapportera h\u00e4ndelser n\u00e4r de sker i realtid g\u00f6ra oss till potentiella v\u00e4ktare (eller den plats\u00f6vervakare); g\u00f6ra oss till vittnen till brott. Men ocks\u00e5 g\u00f6ra det m\u00f6jligt f\u00f6r oss att ingripa, ibland kilometer ifr\u00e5n den plats d\u00e4r h\u00e4ndelsen intr\u00e4ffar.<\/p>\n<p><img loading=\"lazy\" decoding=\"async\" class=\"wp-image-415 aligncenter\" src=\"\/wp-content\/uploads\/sites\/13\/2016\/12\/22911762143_95ce824885_k-1024x678.jpg\" alt=\"22911762143_95ce824885_k\" width=\"598\" height=\"396\" srcset=\"\/wp-content\/uploads\/sites\/13\/2016\/12\/22911762143_95ce824885_k-1024x678.jpg 1024w, \/wp-content\/uploads\/sites\/13\/2016\/12\/22911762143_95ce824885_k-300x199.jpg 300w, \/wp-content\/uploads\/sites\/13\/2016\/12\/22911762143_95ce824885_k-768x509.jpg 768w, \/wp-content\/uploads\/sites\/13\/2016\/12\/22911762143_95ce824885_k.jpg 2048w\" sizes=\"auto, (max-width: 598px) 100vw, 598px\" \/><\/p>\n<p>\u00c4nd\u00e5 \u00e4r stads- och landsbygdsmilj\u00f6n inte \u00e4r utsatta f\u00f6r brott p\u00e5 samma s\u00e4tt. Det finns sk\u00e4l att tro att vi beh\u00f6ver ett mer nyanserat perspektiv p\u00e5 de typer av brott som f\u00f6rekommer vid s\u00e4rskilda lokala och regionala sammanhang. Vi m\u00e5ste g\u00e5 bortom f\u00f6rklaringar av brott som grundar sig p\u00e5 befolkningst\u00e4thet och tillg\u00e5ng p\u00e5 brottsm\u00f6jligheter. Dynamiken i dagens brott m\u00e5ste analyseras genom kunskap om historiska, demografiska, socioekonomiska och kulturella f\u00f6rh\u00e5llanden f\u00f6r de platser d\u00e4r de f\u00f6rekommer. N\u00e5gra talar om att gr\u00e4nskommuner, till exempel, l\u00f6per st\u00f6rre risk f\u00f6r vissa brott \u00e4n andra kommuner. Vi tror att dessa speciella sammanhang kan hj\u00e4lpa till att f\u00f6rklara varf\u00f6r brottsligheten frodas p\u00e5 vissa platser och inte p\u00e5 andra. Lika viktigt \u00e4r att t\u00e4nka p\u00e5 att vi lever i en globaliserad v\u00e4rld d\u00e4r vissa lokala brottsvillkor kan kopplas samman till regionala och globala kriminogena hot. Till exempel kan anv\u00e4ndningen av narkotika i en landsbygd i Sverige kopplas till, och till och med skapa, kriminella organisationer p\u00e5 platser l\u00e5ngt bortom de nationella gr\u00e4nserna. Detta inneb\u00e4r att det ibland, f\u00f6r att bek\u00e4mpa lokala brott, beh\u00f6vs ingripanden p\u00e5 flera niv\u00e5er, och \u00e5tg\u00e4rder kan inte begr\u00e4nsas till geografiska gr\u00e4nser.<\/p>\n<p>P\u00e5 <strong><em>S\u00e4kraplatser n\u00e4tverket<\/em><\/strong> tror vi att f\u00f6r att ta itu med brottsligheten i dag beh\u00f6ver vi samordnade \u00e5tg\u00e4rder f\u00f6r flera samh\u00e4llsakt\u00f6rer som arbetar f\u00f6r att f\u00f6rebygga brott och fr\u00e4mja s\u00e4kerhet. F\u00f6r att b\u00e4ttre f\u00f6rst\u00e5 vilken roll milj\u00f6n spelar i kriminella handlingar, beh\u00f6ver vi veta mer om brotts f\u00f6ruts\u00e4ttningar, vilka typer av verksamhet som olika platser attraherar samt vilka typer av socialisering som sker p\u00e5 dessa platser \u00f6ver tid innan brott sker. \u00c4ven om polisen l\u00e4nge har arbetat b\u00e5de reaktivt och proaktivt med situationsf\u00f6rh\u00e5llanden f\u00f6r brott \u00e4r polisen inte l\u00e4ngre den enda akt\u00f6r som ansvarar f\u00f6r polisarbetet. Polisi\u00e4r verksamhet definieras h\u00e4r som ett vidare begrepp som omfattar mer \u00e4n polismyndigheten, ofta med deltagande av flera akt\u00f6rer, offentliga och privata, och medborgare, som alla verkar f\u00f6r styrning av s\u00e4kerhet och trygghet. Det \u00e4r inom denna konstellation av akt\u00f6rer som <strong><em>S\u00e4kraplatser n\u00e4tverket<\/em> <\/strong>har en roll att spela.<\/p>\n","protected":false},"excerpt":{"rendered":"<p>B\u00e5de [&#8230;]<\/p>\n","protected":false},"author":31,"featured_media":0,"parent":0,"menu_order":0,"comment_status":"closed","ping_status":"closed","template":"","meta":{"_bbp_topic_count":0,"_bbp_reply_count":0,"_bbp_total_topic_count":0,"_bbp_total_reply_count":0,"_bbp_voice_count":0,"_bbp_anonymous_reply_count":0,"_bbp_topic_count_hidden":0,"_bbp_reply_count_hidden":0,"_bbp_forum_subforum_count":0,"episode_type":"","audio_file":"","podmotor_file_id":"","podmotor_episode_id":"","cover_image":"","cover_image_id":"","duration":"","filesize":"","filesize_raw":"","date_recorded":"","explicit":"","block":"","itunes_episode_number":"","itunes_title":"","itunes_season_number":"","itunes_episode_type":"","jetpack_post_was_ever_published":false,"footnotes":"","_links_to":"","_links_to_target":""},"class_list":["post-414","page","type-page","status-publish","hentry"],"jetpack_sharing_enabled":true,"jetpack_shortlink":"https:\/\/wp.me\/P840TR-6G","post_mailing_queue_ids":[],"_links":{"self":[{"href":"https:\/\/wpmu-bis.sys.kth.se\/safeplaces\/wp-json\/wp\/v2\/pages\/414","targetHints":{"allow":["GET"]}}],"collection":[{"href":"https:\/\/wpmu-bis.sys.kth.se\/safeplaces\/wp-json\/wp\/v2\/pages"}],"about":[{"href":"https:\/\/wpmu-bis.sys.kth.se\/safeplaces\/wp-json\/wp\/v2\/types\/page"}],"author":[{"embeddable":true,"href":"https:\/\/wpmu-bis.sys.kth.se\/safeplaces\/wp-json\/wp\/v2\/users\/31"}],"replies":[{"embeddable":true,"href":"https:\/\/wpmu-bis.sys.kth.se\/safeplaces\/wp-json\/wp\/v2\/comments?post=414"}],"version-history":[{"count":9,"href":"https:\/\/wpmu-bis.sys.kth.se\/safeplaces\/wp-json\/wp\/v2\/pages\/414\/revisions"}],"predecessor-version":[{"id":677,"href":"https:\/\/wpmu-bis.sys.kth.se\/safeplaces\/wp-json\/wp\/v2\/pages\/414\/revisions\/677"}],"wp:attachment":[{"href":"https:\/\/wpmu-bis.sys.kth.se\/safeplaces\/wp-json\/wp\/v2\/media?parent=414"}],"curies":[{"name":"wp","href":"https:\/\/api.w.org\/{rel}","templated":true}]}}