{"id":3940,"date":"2020-04-22T05:30:11","date_gmt":"2020-04-22T05:30:11","guid":{"rendered":"https:\/\/www.sakraplatser.abe.kth.se\/?page_id=3940"},"modified":"2020-04-22T09:25:51","modified_gmt":"2020-04-22T09:25:51","slug":"week-2-2","status":"publish","type":"page","link":"https:\/\/wpmu-bis.sys.kth.se\/safeplaces\/week-2-2\/","title":{"rendered":"Week 2"},"content":{"rendered":"<p style=\"text-align: justify\"><img loading=\"lazy\" decoding=\"async\" class=\"aligncenter wp-image-3739 \" style=\"font-weight: bold;text-align: center;font-size: 0.95em\" src=\"\/wp-content\/uploads\/sites\/13\/2020\/04\/ICON_BIG-300x232.jpg\" alt=\"\" width=\"173\" height=\"134\" srcset=\"\/wp-content\/uploads\/sites\/13\/2020\/04\/ICON_BIG-300x232.jpg 300w, \/wp-content\/uploads\/sites\/13\/2020\/04\/ICON_BIG-1024x792.jpg 1024w, \/wp-content\/uploads\/sites\/13\/2020\/04\/ICON_BIG-768x594.jpg 768w, \/wp-content\/uploads\/sites\/13\/2020\/04\/ICON_BIG.jpg 1123w\" sizes=\"auto, (max-width: 173px) 100vw, 173px\" \/><\/p>\n<h3 style=\"text-align: center\"><strong>S\u00e4kraplatser-Podcasts<\/strong><\/h3>\n<p>&nbsp;<\/p>\n<p style=\"text-align: justify\"><strong>F\u00f6r\u00e4ndringar i v\u00e5ra dagliga rutinaktiviteter och s\u00e4kerhet: Vad kan vi l\u00e4ra oss?<\/strong><\/p>\n<p style=\"text-align: justify\"><strong>\u00a0<\/strong><\/p>\n<p style=\"text-align: justify\">I denna veckas podcast har vi tre experter som talar om trender i brott men vi ser ocks\u00e5 fram\u00e5t n\u00e4r det g\u00e4ller planering av \u00e5tg\u00e4rder. Nedan hittar du dem i alfabetisk ordning.<\/p>\n<p style=\"text-align: justify\">F\u00f6rst ut \u00e4r Professor Felson som \u00e4r en av de f\u00f6rsta som f\u00f6rstod att om m\u00e4nniskor \u00e4ndrar sina dagliga rutinaktiviteter kommer vardagsbrott att f\u00f6r\u00e4ndras som en konsekvens. Professor Felson n\u00e4mner i v\u00e5rt samtal ocks\u00e5 bredare effekter av pandemin. Covid 19 visar effekterna av v\u00e4xande oj\u00e4mlikhet, s\u00e4rskilt n\u00e4r det g\u00e4ller bost\u00e4der, h\u00e4lsa och inkomster. Det \u00e4r utan tvekan de mest utsatta som kommer att lida mest b\u00e5de p\u00e5 kort och l\u00e5ng sikt, de som, till exempel, st\u00e5r eller hamnar utanf\u00f6r arbetsmarknad. Det kr\u00e4ver b\u00e4ttre integrerad lokal, regional och nationell planering f\u00f6r att f\u00f6rbereda sig f\u00f6r vad som kommer inom en snar framtid och \u00e4ven globala kriser p\u00e5 l\u00e4ngre sikt.<\/p>\n<p style=\"text-align: justify\">Pandemin har ocks\u00e5 visat regeringens och samh\u00e4llets beredskap och planering p\u00e5 ett s\u00e4tt som Sverige inte har sett sedan b\u00f6rjan av neo-libelarisering. Men som Professor Sarnecki s\u00e4ger, v\u00e4gen fram\u00e5t kr\u00e4ver en stor flexibilitet av alla inblandad. \u201dAllt har f\u00f6r\u00e4ndrats \u2026 och det g\u00e5r inte att anv\u00e4nda gamla metoder till nya problem\u201d.<\/p>\n<p style=\"text-align: justify\">I dessa tre nya podcasts talar vi om brottstrender, inte bara om siffrorna utan m\u00f6jliga mekanismer som kan leda till f\u00f6r\u00e4ndringar. Kriminologen Anders \u00d6stlund som jobbar p\u00e5 polisen lyfter fram behovet av att anv\u00e4nda brottsstatistiken som underlag i framtiden eftersom det \u00e4r mycket som har f\u00f6r\u00e4ndrats men att granska den kritiskt eftersom den faktiska brottsligheten inte \u00e4r samma sak som de anm\u00e4lda brotten och brottstrenderna reflekterar mycket mer \u00e4r bara de kriminogeniska f\u00f6rh\u00e5llandena p\u00e5 en viss plats eller vid en viss tid.<\/p>\n<p>Varmt v\u00e4lkomna att lyssna och \u00e5terkoppla g\u00e4rna vad ni tycker om eller inte gillar!<\/p>\n<p><strong>Vania Ceccato<\/strong><\/p>\n<hr \/>\n<h4 style=\"text-align: center\"><a href=\"https:\/\/www.sakraplatser.abe.kth.se\/en\/podcasts-3\/\"><strong>Other Podcasts<\/strong><\/a><\/h4>\n<p>&nbsp;<\/p>\n<p><strong>PODCAST 3<\/strong><\/p>\n<p><img loading=\"lazy\" decoding=\"async\" class=\"wp-image-3803 alignleft\" src=\"\/wp-content\/uploads\/sites\/13\/2020\/04\/Marcus-Felson-256x300.jpg\" alt=\"\" width=\"174\" height=\"204\" srcset=\"\/wp-content\/uploads\/sites\/13\/2020\/04\/Marcus-Felson-256x300.jpg 256w, \/wp-content\/uploads\/sites\/13\/2020\/04\/Marcus-Felson.jpg 429w\" sizes=\"auto, (max-width: 174px) 100vw, 174px\" \/><\/p>\n<p>&nbsp;<\/p>\n<p style=\"text-align: justify\"><strong>Professor Marcus Felson<\/strong> n\u00e4mner i v\u00e5rt samtal bredare effekter av pandemin. Som f\u00f6ljd av f\u00f6r\u00e4ndringar i m\u00e4nniskors rutinaktiviteter ger han\u00a0 f\u00f6rslag f\u00f6r framtida forskning.<\/p>\n<p><a href=\"https:\/\/www.podomatic.com\/podcasts\/sakraplatser\/episodes\/2020-04-06T23_41_51-07_00\"><img loading=\"lazy\" decoding=\"async\" class=\"wp-image-3813 alignleft\" src=\"\/wp-content\/uploads\/sites\/13\/2020\/04\/speaker-icon-png-6-300x300.jpg\" alt=\"\" width=\"52\" height=\"52\" srcset=\"\/wp-content\/uploads\/sites\/13\/2020\/04\/speaker-icon-png-6-300x300.jpg 300w, \/wp-content\/uploads\/sites\/13\/2020\/04\/speaker-icon-png-6-150x150.jpg 150w, \/wp-content\/uploads\/sites\/13\/2020\/04\/speaker-icon-png-6-768x768.jpg 768w, \/wp-content\/uploads\/sites\/13\/2020\/04\/speaker-icon-png-6-90x90.jpg 90w, \/wp-content\/uploads\/sites\/13\/2020\/04\/speaker-icon-png-6-75x75.jpg 75w, \/wp-content\/uploads\/sites\/13\/2020\/04\/speaker-icon-png-6-50x50.jpg 50w, \/wp-content\/uploads\/sites\/13\/2020\/04\/speaker-icon-png-6.jpg 1024w\" sizes=\"auto, (max-width: 52px) 100vw, 52px\" \/><\/a><\/p>\n<p>&nbsp;<\/p>\n<p><a href=\"https:\/\/www.podomatic.com\/podcasts\/sakraplatser\/episodes\/2020-04-06T23_41_51-07_00\"><strong>PODCAST<\/strong><\/a><\/p>\n<p>&nbsp;<\/p>\n<p>&nbsp;<\/p>\n<p><span style=\"color: #808080\">mf38@txstate.edu<\/span><\/p>\n<hr \/>\n<p><strong>PODCAST 4<\/strong><\/p>\n<p><img loading=\"lazy\" decoding=\"async\" class=\"wp-image-3802 alignleft\" src=\"\/wp-content\/uploads\/sites\/13\/2020\/04\/Jerzy_Sarnecki_001-238x300.jpg\" alt=\"\" width=\"153\" height=\"193\" srcset=\"\/wp-content\/uploads\/sites\/13\/2020\/04\/Jerzy_Sarnecki_001-238x300.jpg 238w, \/wp-content\/uploads\/sites\/13\/2020\/04\/Jerzy_Sarnecki_001.jpg 396w\" sizes=\"auto, (max-width: 153px) 100vw, 153px\" \/><\/p>\n<p>&nbsp;<\/p>\n<p style=\"text-align: justify\">Vi st\u00e5r inf\u00f6r stora utmaningar post-Covid-19.\u00a0 <strong>Professor Jerzy Sarnecki<\/strong> s\u00e4ger att \u201dv\u00e4gen fram\u00e5t kr\u00e4ver en stor flexibilitet av alla inblandad. Allt har f\u00f6r\u00e4ndrats \u2026 och det g\u00e5r inte att anv\u00e4nda gamla metoder till nya problem\u201d.<\/p>\n<p><a href=\"https:\/\/www.podomatic.com\/podcasts\/sakraplatser\/episodes\/2020-04-06T23_21_08-07_00\"><img loading=\"lazy\" decoding=\"async\" class=\"wp-image-3813 alignleft\" src=\"\/wp-content\/uploads\/sites\/13\/2020\/04\/speaker-icon-png-6-300x300.jpg\" alt=\"\" width=\"52\" height=\"52\" srcset=\"\/wp-content\/uploads\/sites\/13\/2020\/04\/speaker-icon-png-6-300x300.jpg 300w, \/wp-content\/uploads\/sites\/13\/2020\/04\/speaker-icon-png-6-150x150.jpg 150w, \/wp-content\/uploads\/sites\/13\/2020\/04\/speaker-icon-png-6-768x768.jpg 768w, \/wp-content\/uploads\/sites\/13\/2020\/04\/speaker-icon-png-6-90x90.jpg 90w, \/wp-content\/uploads\/sites\/13\/2020\/04\/speaker-icon-png-6-75x75.jpg 75w, \/wp-content\/uploads\/sites\/13\/2020\/04\/speaker-icon-png-6-50x50.jpg 50w, \/wp-content\/uploads\/sites\/13\/2020\/04\/speaker-icon-png-6.jpg 1024w\" sizes=\"auto, (max-width: 52px) 100vw, 52px\" \/><\/a><\/p>\n<p>&nbsp;<\/p>\n<p><a href=\"https:\/\/www.podomatic.com\/podcasts\/sakraplatser\/episodes\/2020-04-06T23_21_08-07_00\"><strong>PODCAST<\/strong><\/a><\/p>\n<p>&nbsp;<\/p>\n<p><span style=\"color: #808080\">Jerzy.Sarnecki@criminology.su.se<\/span><\/p>\n<hr \/>\n<p><strong>PODCAST 5<\/strong><\/p>\n<p><img loading=\"lazy\" decoding=\"async\" class=\"wp-image-3801 alignleft\" src=\"\/wp-content\/uploads\/sites\/13\/2020\/04\/Anders-\u00d6stlund-235x300.jpg\" alt=\"\" width=\"144\" height=\"183\" srcset=\"\/wp-content\/uploads\/sites\/13\/2020\/04\/Anders-\u00d6stlund-235x300.jpg 235w, \/wp-content\/uploads\/sites\/13\/2020\/04\/Anders-\u00d6stlund.jpg 493w\" sizes=\"auto, (max-width: 144px) 100vw, 144px\" \/><\/p>\n<p>&nbsp;<\/p>\n<p style=\"text-align: justify\">Kriminologen <strong>Anders \u00d6stlund<\/strong> p\u00e5minner oss att\u00a0 \u201dden faktiska brottsligheten inte \u00e4r samma sak som de anm\u00e4lda brotten\u201d och ocks\u00e5 att brottstrenderna reflekterar mycket mer \u00e4n bara de kriminogeniska f\u00f6rh\u00e5llandena p\u00e5 en viss plats eller vid en viss tid.<\/p>\n<p><a href=\"https:\/\/www.podomatic.com\/podcasts\/sakraplatser\/episodes\/2020-04-06T23_31_56-07_00\"><img loading=\"lazy\" decoding=\"async\" class=\"wp-image-3813 alignleft\" src=\"\/wp-content\/uploads\/sites\/13\/2020\/04\/speaker-icon-png-6-300x300.jpg\" alt=\"\" width=\"52\" height=\"52\" srcset=\"\/wp-content\/uploads\/sites\/13\/2020\/04\/speaker-icon-png-6-300x300.jpg 300w, \/wp-content\/uploads\/sites\/13\/2020\/04\/speaker-icon-png-6-150x150.jpg 150w, \/wp-content\/uploads\/sites\/13\/2020\/04\/speaker-icon-png-6-768x768.jpg 768w, \/wp-content\/uploads\/sites\/13\/2020\/04\/speaker-icon-png-6-90x90.jpg 90w, \/wp-content\/uploads\/sites\/13\/2020\/04\/speaker-icon-png-6-75x75.jpg 75w, \/wp-content\/uploads\/sites\/13\/2020\/04\/speaker-icon-png-6-50x50.jpg 50w, \/wp-content\/uploads\/sites\/13\/2020\/04\/speaker-icon-png-6.jpg 1024w\" sizes=\"auto, (max-width: 52px) 100vw, 52px\" \/><\/a><\/p>\n<p>&nbsp;<\/p>\n<p><a href=\"https:\/\/www.podomatic.com\/podcasts\/sakraplatser\/episodes\/2020-04-06T23_31_56-07_00\"><strong>PODCAST<\/strong><\/a><\/p>\n<p>&nbsp;<\/p>\n<p><span style=\"color: #808080\">anders.ostlund@polisen.se<\/span><\/p>\n<p>&nbsp;<\/p>\n","protected":false},"excerpt":{"rendered":"<p>S\u00e4kraplatser-Podcasts [&#8230;]<\/p>\n","protected":false},"author":201,"featured_media":0,"parent":0,"menu_order":0,"comment_status":"closed","ping_status":"closed","template":"","meta":{"_bbp_topic_count":0,"_bbp_reply_count":0,"_bbp_total_topic_count":0,"_bbp_total_reply_count":0,"_bbp_voice_count":0,"_bbp_anonymous_reply_count":0,"_bbp_topic_count_hidden":0,"_bbp_reply_count_hidden":0,"_bbp_forum_subforum_count":0,"episode_type":"","audio_file":"","podmotor_file_id":"","podmotor_episode_id":"","cover_image":"","cover_image_id":"","duration":"","filesize":"","filesize_raw":"","date_recorded":"","explicit":"","block":"","itunes_episode_number":"","itunes_title":"","itunes_season_number":"","itunes_episode_type":"","jetpack_post_was_ever_published":false,"footnotes":"","_links_to":"","_links_to_target":""},"class_list":["post-3940","page","type-page","status-publish","hentry"],"jetpack_sharing_enabled":true,"jetpack_shortlink":"https:\/\/wp.me\/P840TR-11y","post_mailing_queue_ids":[],"_links":{"self":[{"href":"https:\/\/wpmu-bis.sys.kth.se\/safeplaces\/wp-json\/wp\/v2\/pages\/3940","targetHints":{"allow":["GET"]}}],"collection":[{"href":"https:\/\/wpmu-bis.sys.kth.se\/safeplaces\/wp-json\/wp\/v2\/pages"}],"about":[{"href":"https:\/\/wpmu-bis.sys.kth.se\/safeplaces\/wp-json\/wp\/v2\/types\/page"}],"author":[{"embeddable":true,"href":"https:\/\/wpmu-bis.sys.kth.se\/safeplaces\/wp-json\/wp\/v2\/users\/201"}],"replies":[{"embeddable":true,"href":"https:\/\/wpmu-bis.sys.kth.se\/safeplaces\/wp-json\/wp\/v2\/comments?post=3940"}],"version-history":[{"count":6,"href":"https:\/\/wpmu-bis.sys.kth.se\/safeplaces\/wp-json\/wp\/v2\/pages\/3940\/revisions"}],"predecessor-version":[{"id":4031,"href":"https:\/\/wpmu-bis.sys.kth.se\/safeplaces\/wp-json\/wp\/v2\/pages\/3940\/revisions\/4031"}],"wp:attachment":[{"href":"https:\/\/wpmu-bis.sys.kth.se\/safeplaces\/wp-json\/wp\/v2\/media?parent=3940"}],"curies":[{"name":"wp","href":"https:\/\/api.w.org\/{rel}","templated":true}]}}